pose 2*y - 6*y + s = 0. Calculate the highest common divisor of 22 and y.
11
Suppose 5*l + 5*t + 10 = t, -3*t = 2*l + 11. Let w be ((-183)/(-3))/((-2)/l). Let g = w - -131. Calculate the greatest common factor of 28 and g.
14
Suppose 5*k = 0, 41 = g - k + 4*k. Let l = g - 21. Calculate the highest common factor of 50 and l.
10
Suppose k - 24 - 91 = 0. What is the greatest common divisor of 23 and k?
23
Suppose -2*g + a + 19 = -2*a, -3*g = 4*a + 14. Suppose g*c + 336 = 6*c. Suppose 4*q - c = -0*q. Calculate the greatest common factor of q and 3.
3
Let x(j) = -j**2 - 7*j + 2. Let s be x(-4). What is the highest common divisor of s and 21?
7
Let t be ((-38)/4)/(-1*(-2)/(-4)). What is the highest common factor of t and 171?
19
Let u = -11 + 23. Calculate the greatest common divisor of u and 6.
6
Suppose 26 = 2*n - 2. Suppose -5 = -2*a + r + 4*r, 0 = a + 3*r + 3. Suppose 9*s - 5*s - 168 = a. Calculate the highest common divisor of s and n.
14
Let d be 6/(-10) + (-5 - 309/(-15)). Let v = -3 - -13. Calculate the highest common factor of d and v.
5
Let l = -34 + 55. Let i be 183/27 + 4/18. What is the greatest common factor of l and i?
7
Let o be 81/15 - 4/10. Let b(y) = y**2 + 2*y + 2. Let q be b(-4). What is the highest common divisor of o and q?
5
Suppose 7 = y - 4. What is the highest common factor of y and 11?
11
Let v = -130 + 143. Calculate the highest common divisor of 143 and v.
13
Suppose -4*t + 84 = -5*w, -2*t + 2*w - 7*w + 12 = 0. Calculate the greatest common factor of t and 32.
16
Let j(g) = 25*g - 8. Let m be j(5). Let h(p) be the second derivative of -13*p**3/6 + 2*p. Let z be h(-1). What is the greatest common divisor of z and m?
13
Let y be (-9)/9 - (-1 - 2). Suppose 3 = y*h + h. Suppose -4 = -5*z + h. What is the greatest common factor of 4 and z?
1
Let b(r) = -r**2 + 2*r - 1. Let y be b(2). Let u be -2 + 2 + -1 + 13. Let d be (y - 0/(-1)) + u. What is the greatest common divisor of d and 99?
11
Let z(k) = -k**3 + 9*k**2 - 7*k - 6. Let b be z(8). What is the greatest common divisor of 8 and b?
2
Suppose -4*u + 2*g = -82, -g = u - 15 - 10. What is the highest common factor of 99 and u?
11
Let q be (-18)/(-7)*336/36. Calculate the greatest common factor of q and 3.
3
Let c = 120 + 80. Calculate the greatest common divisor of 25 and c.
25
Suppose 5*h - 4 = 6. Suppose 216 = -h*f + 5*f. Let z(m) = m**3 + 3*m**2 - 3*m - 1. Let c be z(-3). Calculate the highest common factor of f and c.
8
Let g(o) = -o**3 - 2*o**2 + 2*o - 5. Let v be g(4). Let d = -61 - v. Calculate the greatest common factor of 48 and d.
16
Let x be (8/12)/(2/9). Suppose 3*v - 4*m = -227, -x*m + 360 = -4*v - v. Let b = -33 - v. What is the highest common factor of 4 and b?
4
Suppose 3*x + 11 = 2*r, 4*x = 14 - 2. Calculate the greatest common divisor of r and 80.
10
Let g = 15 - 2. What is the greatest common divisor of g and 52?
13
Let m(a) = a**3 + 4*a**2 - 2*a + 2. Let o be m(-4). Suppose -6 = -2*y, 3*y = 2*s - o - 25. Calculate the highest common factor of s and 44.
22
Let d be (0 + -12)/(4/(4 + -8)). What is the highest common divisor of d and 12?
12
Let p(j) = j**3 - 7*j**2 + 6*j - 10. Let a be p(7). Suppose 0 = -2*t - 2*t + a. What is the greatest common divisor of 24 and t?
8
Let y be -1 - -1 - (9 + -9). Let m be (y - -7) + 2 + 1. Calculate the highest common divisor of 10 and m.
10
Suppose 3*n - 2 = n - 2*v, -4*v - 16 = -n. Suppose -180 = -n*m + 36. What is the greatest common divisor of m and 6?
6
Suppose 3*y - y - 80 = -3*v, -5*y + 5*v + 175 = 0. Calculate the greatest common divisor of y and 222.
37
Let a(c) = c + 7. Let x be a(-7). Suppose x = m - 15 - 16. Let l = m - 19. What is the greatest common divisor of 4 and l?
4
Let q(o) = -o**2 - 12*o - 7. Let b be q(-6). What is the greatest common factor of 232 and b?
29
Let j = -17 + 9. Let g = -3 - j. Calculate the greatest common factor of 45 and g.
5
Let p(s) = -s + 2. Let z be p(2). Suppose 3*j - 4 + 1 = z. Calculate the highest common divisor of j and 7.
1
Let t(y) be the second derivative of y**4/6 + y. Let m be t(1). Let x be (1/m)/(3/6). Calculate the greatest common divisor of x and 4.
1
Let p be ((-390)/(-20))/((-1)/(-2)). Let u = -9 - 6. Let b = p + u. Calculate the highest common factor of 16 and b.
8
Suppose 144 = 8*b - 0*b. Calculate the greatest common factor of 27 and b.
9
Let v = 55 + -33. Suppose b - v = -5*s, -3*s + 2*b + 18 = b. Let n(y) = -y**2 + 6*y + 2. Let x be n(s). Calculate the greatest common factor of x and 14.
7
Suppose -5*j - 6 = -26. Let i = j + 8. Suppose -62 = -5*z - i. What is the highest common divisor of z and 40?
10
Let p(u) = -5 + 7*u**2 + u**3 + u - 3 + 3 + 3*u. Let v be p(-6). Let w = v + -3. What is the greatest common factor of 6 and w?
2
Let x(m) = 89*m. Let v be x(3). Let o = v + -123. What is the greatest common divisor of 16 and o?
16
Let q be ((-26)/(-4))/(2/4). Let n(h) = -41*h - 3. Let v be n(8). Let l = -227 - v. Calculate the greatest common factor of l and q.
13
Suppose s = 4*j + 86, -4*s + 3*j = -6 - 312. Calculate the highest common factor of 26 and s.
26
Let v(w) = 2*w + 2. Let u be v(2). What is the greatest common factor of u and 6?
6
Suppose -3*v - 9 = 3. Let u be (-135)/(-36) - 1/v. What is the greatest common divisor of u and 4?
4
Let j = -115 + 52. Let w be (-1)/7 - 12105/j. What is the greatest common divisor of 24 and w?
24
Let d = -31 + 45. Suppose -h = y - 56, 5*h = -4*y - 0*h + 224. What is the highest common factor of y and d?
14
Let q = -19 + 36. What is the highest common factor of 85 and q?
17
Suppose -3*m + 34 = -11. Let i = 25 - m. What is the highest common divisor of i and 40?
10
Suppose -68 = -4*o + 3*o. Let t = 11 + -7. Suppose -3*m - 5*g - t = -4*m, g + o = 3*m. What is the greatest common divisor of 36 and m?
12
Let j(z) = -3*z - 2. Let q be j(-4). Let t = q - 9. Calculate the highest common factor of t and 2.
1
Let y(g) = -1 - 2*g + 10 - 2*g + 13*g. Let d be y(7). What is the highest common factor of 9 and d?
9
Let q be (-910)/(-30) + 4/6. What is the greatest common divisor of 155 and q?
31
Let y be (-30)/9*(-18)/10. Let g(a) = -a**3 + 6*a**2 + 3*a - 11. Let h be g(y). Calculate the highest common divisor of 49 and h.
7
Let j = -2 - -7. Let q be ((-40)/12)/(8/(-12)). What is the highest common divisor of j and q?
5
Let u = -18 + 36. Suppose 9*y = 4*y + 45. Calculate the highest common factor of y and u.
9
Let r(f) = 12*f - 4. Let p(i) = 36*i - 12. Let c(v) = -3*p(v) + 10*r(v). Let l be c(2). Suppose -s + 118 = -22. What is the highest common factor of s and l?
20
Let y = -52 - -66. What is the highest common divisor of y and 98?
14
Suppose -6*d + 1325 - 191 = 0. What is the greatest common factor of 7 and d?
7
Let a(t) = -t. Let o be a(4). Let p(c) = c**2 + 3*c - 1. Let u be p(o). Suppose -x = -5, u*x = 4*l - x - 620. Calculate the greatest common divisor of 20 and l.
20
Suppose -g + 615 = -6*g. Let n = g - -244. Let o be 55/(-20)*(2 + -4 + -2). Calculate the greatest common factor of n and o.
11
Let y be ((-12)/(-24))/(2/48). What is the greatest common factor of 30 and y?
6
Let h be 1 + 0 - (-1)/(3/417). Calculate the greatest common divisor of 28 and h.
28
Suppose -d - 3*d = -168. Suppose 0*c + 2*c = d. Calculate the highest common factor of c and 147.
21
Let n be 9/((-36)/(-200)) + 1. Calculate the highest common factor of n and 17.
17
Let u be (2 - 2)*(-2)/(-6). Suppose k + u - 7 = 0. Calculate the highest common divisor of 1 and k.
1
Let b(q) = -q**3 - 7*q**2 - 6*q - 7. Let h be b(-5). Let a = 2 - 17. Let f = a - h. Calculate the highest common divisor of 12 and f.
12
Suppose -a + z + 16 = 0, -a = -6*a + 2*z + 74. Suppose 0 = k + 32 - 74. Calculate the highest common divisor of a and k.
14
Let o = 8 + -6. Let k be 2*(o + (-21)/(-6)). Suppose 0 = 4*u - r - 4, -2*r + 1 = u - 0*r. What is the greatest common divisor of k and u?
1
Let m = 518 + -29. Suppose 0 = -4*s + 291 + m. Let a be (2/(-2))/((-3)/s). What is the highest common divisor of 26 and a?
13
Let n(a) = -a**2 + a + 1. Let d be -3*3*6/27. Let g(m) = m**2 - m - 22. Let y(z) = d*n(z) - g(z). Let t be y(0). What is the greatest common factor of 8 and t?
4
Let n = 6 - -9. Let v = -1 + n. What is the greatest common factor of v and 56?
14
Let h be (6 + 0/4)/1. What is the